 What is the units digit of m?
6
Let r(d) = -d**3 - 7*d**2 - 6*d - 2. Let k be r(-6). Let c = k - -2. Suppose -2*w = 3*i - 26, 1 + c = 3*w - 5*i. What is the units digit of w?
7
Suppose -z - 2*z + 69 = 0. Let d = z + -14. What is the units digit of d?
9
Suppose f + 3 = -2*f. What is the units digit of f/2 - (-18)/4?
4
Let i(g) = -g**2 - 12*g - 8. Let u = 6 + -17. What is the units digit of i(u)?
3
Suppose 72 = 11*f - 7*f. Suppose -u + f = u. What is the units digit of u?
9
Suppose -l + 4 = l. Suppose -7 = r + 5*g - 22, 3*g = -2*r + l. Let f = r + 8. What is the units digit of f?
3
Let o(w) = -33*w. What is the units digit of o(-2)?
6
Let v = -48 - -122. Suppose 2*s = v - 10. What is the tens digit of s?
3
Let z = -1 + 16. Suppose -2*t = 3*t + z. What is the units digit of (6/(-9))/(2/t)?
1
Let y = -109 - -107. Let c(n) = n**3 - 5*n**2 - 2*n + 5. Let r be c(5). What is the tens digit of 1*(r - y) - -18?
1
Let v = 1 - -12. Let x = v + -2. Let n = x - 5. What is the units digit of n?
6
Let w = 25 - -4. Let g = w - 18. What is the units digit of g?
1
Suppose 1351 - 4151 = -14*y. What is the hundreds digit of y?
2
Let u(x) be the first derivative of x**5/30 - 7*x**4/24 + x**3 - x**2 + 2. Let g(z) be the second derivative of u(z). What is the units digit of g(4)?
0
Suppose 2*x - 26 = 90. What is the units digit of x?
8
Suppose 0 = k - 4*k + 156. What is the units digit of k?
2
Let r = -5 + 11. Let v(l) = -l - 1. Let t(j) = 4. Let p(f) = -t(f) - v(f). What is the units digit of p(r)?
3
Suppose 4*h + 3*f - 2*f = 1071, -5*f + 1335 = 5*h. What is the hundreds digit of h?
2
Suppose 0 = -3*s + 44 - 8. Suppose -2*c + s = -4*v - 38, -55 = -2*c + 3*v. Suppose 0 = 2*d - 7*d + c. What is the units digit of d?
7
Suppose -2*g - 8 = -0, -3*y + 236 = -2*g. What is the tens digit of y?
7
Suppose -5*o - 9 = -189. What is the tens digit of o?
3
Let r(m) = -8*m**3 - 4*m - 1. What is the tens digit of r(-2)?
7
Let j = 670 - 338. What is the hundreds digit of j?
3
Let y = 18 + 9. What is the tens digit of y?
2
Let v be (1 + 8)/3 - 10. Let z(u) = -2*u - 1. What is the tens digit of z(v)?
1
Suppose -u = -y, -5*y + 7 + 18 = 0. What is the units digit of u - 0 - (1 - 2)?
6
Let z be (-2)/4 - (-39)/6. Let l = -2 + z. Suppose 9*u = l*u + 65. What is the tens digit of u?
1
Let d(s) = 5*s. Let c be d(1). Suppose -c*t = -0*t. Suppose t - 8 = -4*x. What is the units digit of x?
2
Suppose 0 = -0*q - q + 3, p = -2*q + 28. Suppose -4*x + p = 3*g - 28, -x + 1 = -5*g. What is the tens digit of x?
1
Let r = 12 - 8. Let k = -2 - -8. Suppose r + k = d. What is the tens digit of d?
1
Let d be 65/20 - 2/8. Suppose d = 2*v - 3, y + 10 = 5*v. What is the units digit of y?
5
What is the tens digit of 1/(2/(-6)) - -48?
4
Suppose 3*n = 5*n + 16. Let z(h) = -4*h**2 - 9*h + 3. Let j(u) = -9*u**2 - 19*u + 5. Let s(q) = 3*j(q) - 7*z(q). What is the units digit of s(n)?
0
Let m = 44 + -9. What is the tens digit of m?
3
Let o(s) = s**2 - 6 + 4 - 6. Let t(u) = -u - 1. Let d(f) = -o(f) + 3*t(f). What is the units digit of d(-4)?
1
Suppose -l - 166 = -4*k - 0*l, -214 = -5*k - 2*l. What is the tens digit of k?
4
Let a be 3/(-9) - 39/(-9). Suppose -a*n + 6 = -3*n. Let s = 18 - n. What is the tens digit of s?
1
Let o = 6 + -4. Suppose -72 = 4*p + 2*l, 5 = -o*p + 3*l - 47. Let z = 31 + p. What is the tens digit of z?
1
Suppose -2*d = 4*g - d - 48, g + 4*d = 12. What is the units digit of ((-8)/g)/(2/(-39))?
3
What is the hundreds digit of 5*(-2 - (-1 + -28))?
1
Suppose -w = 3*w + 2*p + 2, w = -3*p - 13. Suppose y + w*m - 140 = -4*y, -m = 2*y - 55. What is the units digit of y?
0
Let r(f) = -f - 1. Let h be r(-2). What is the units digit of ((9/3)/3)/h?
1
Let v = 13 - 43. What is the tens digit of 12/v + 194/10?
1
Let j(q) = 7*q - 37. What is the tens digit of j(7)?
1
Let t be 2/(-1) + 10/(-2). Let k(g) = -g**3 + 43 - 5*g - g - 34 - 8*g**2. What is the units digit of k(t)?
2
Let s(z) = z - 5. Let h be s(7). Suppose -v = h - 3. What is the units digit of v?
1
Let p(h) = -h**2 + 7*h + 1. Let o = -4 - -4. Suppose o = -2*n + 12. What is the units digit of p(n)?
7
Let v(q) = 9*q + 13. What is the hundreds digit of v(16)?
1
Let h be (-7)/49 + 15/7. Suppose -y + 4*r = 8, -4*y - 2*r + 22 = -0. Suppose y*k + 11 = -f, 2*f + 3*k + h*k + 7 = 0. What is the units digit of f?
9
Suppose 2*n + 20 = 7*n. Suppose 0 = -j - n*j + 5. What is the units digit of j?
1
Let w(h) = -h**2 - 10*h - 5. What is the tens digit of w(-4)?
1
Let q(a) = a + 1. Suppose -5*i + 34 = 5*h - 11, 5*h = 5*i + 5. What is the units digit of q(h)?
6
Let m(r) = -3*r - 6. Let n(c) = 4*c + 7. Let t(q) = 6*m(q) + 5*n(q). Let u be 3/(-18) - 38/(-12). What is the units digit of t(u)?
5
What is the units digit of (-1 + 13)*(-2)/(-4)?
6
Let g be 6*1 - (-2 + 5). Suppose -2*j = 4*r - 16, -2*r + 4*j = g*r - 46. Let m = r - 3. What is the units digit of m?
3
Let f = 132 + -28. What is the hundreds digit of f?
1
Suppose -3*g + 4 = -5. Suppose -3*q + j + 68 = 6*j, -4*q + 82 = -2*j. Suppose 0 = -6*l + g*l + q. What is the units digit of l?
7
Let x be ((-4)/(-5))/((-14)/175). Let n = 19 + x. What is the units digit of n?
9
Let a = -2 + 5. Suppose -4*u + 2*u = -4*v - 50, -u + 37 = -5*v. Suppose -a*g - 1 = 4*b - 0, -u = -g + 3*b. What is the units digit of g?
5
Suppose a = -2*m - 8, -2 + 5 = 3*a - 3*m. Let d(h) = 11*h**2 + h + 3. What is the units digit of d(a)?
5
Let k = 5 - 5. What is the units digit of -5*(6/(-2) + k)?
5
Let v = 12 - 16. What is the units digit of -2 + 0 - v - -9?
1
Let y be 287/35 + 2/(-10). Suppose 3*a + 85 = y*a + 5*o, 45 = 3*a + o. What is the tens digit of a?
1
Suppose 32 = -4*q + 152. What is the units digit of q?
0
What is the units digit of (5/(-4))/((-20)/80)?
5
Let u(z) = -3*z - 2. Let i(q) = -q - 1. Let s(m) = 6*i(m) - u(m). What is the units digit of s(-3)?
5
Suppose -3*c + 5*x + 3 = -c, 6 = -2*c - 4*x. What is the units digit of (84 - -3)*c/(-3)?
9
Suppose t + 6 = -2*j + 3*t, 0 = 5*t - 20. What is the tens digit of -3 + j - (-1 + -12)?
1
Suppose -4*d = 9 - 29. Let s = d - 11. Let b(g) = -g**2 - 7*g - 3. What is the units digit of b(s)?
3
What is the units digit of 99/(-2 + 3)*1?
9
Let s = 6 + 30. What is the tens digit of s?
3
What is the units digit of (8/(-6))/((-5)/30)?
8
Suppose 0 = -0*g + 3*g - 3. Let l = 2 + g. What is the units digit of l?
3
What is the tens digit of (4 + 5)/(2/8)?
3
Let b(d) = -d**3 + 8*d**2 + 2*d - 12. Suppose 24 = -2*k + 5*k. Let p be b(k). Suppose -2*w = g - 6, -w - p*g = -0*w - 3. What is the units digit of w?
3
Let n(p) = p + 8. Let c be 1/4 + 2/(-8). Suppose -2*b = -c*b. What is the units digit of n(b)?
8
Let b(u) = -u**3 + 9*u**2 + 11*u - 6. Let q be b(10). Suppose -12 = 2*t - q*t. Suppose x + 67 = 4*k - t, 3*k - 76 = 5*x. What is the tens digit of k?
1
Suppose 0 = -5*o + 3*f + 200, -5*f + 12 = -o + 2*o. What is the tens digit of o?
3
Let z(s) = -97*s. Let l be z(2). What is the units digit of (-2)/(-9) + l/(-18)?
1
Let q = -321 - -570. What is the hundreds digit of q?
2
Let l(w) = -w**2 + 8*w - 8. Let x be l(7). What is the units digit of (4*x)/(3 + -5)?
2
Let g(p) = p**3 - 7*p**2 + 7*p - 1. Let q be g(6). Suppose -j = 3*i - 29, 0*j = 5*j + q*i - 115. What is the tens digit of j?
2
Let v(n) be the first derivative of -n**4/4 - 2*n**3 + 1. Let i be v(-6). What is the units digit of 9 + -2 + 0 + i?
7
Let o be -75*(3 - (-51)/(-15)). Let z = -65 + o. What is the tens digit of 4/(-10) - 539/z?
1
What is the tens digit of (-2)/(-2)*-1*-233?
3
Let a = -5 - -9. Let h(b) = 4*b - 4. What is the units digit of h(a)?
2
Let q be 6*(-4)/(-6) + -31. What is the units digit of q/18 + 162/4?
9
Suppose -4*y = 44 - 16. Let n = 11 + y. What is the units digit of n?
4
Let i(w) = -38*w + 3 - 3 + 3 + 37*w. What is the units digit of i(-10)?
3
Let m = -51 + 86. What is the units digit of m?
5
Suppose -4*l - 3*b + 553 = 0, -2*l + 287 = 3*b + 2*b. What is the tens digit of l?
3
Let c = -6 + 7. Let v be 18*(-2)/(c + 1). Let k = -1 - v. What is the units digit of k?
7
Let x(s) = -5*s + 89. What is the units digit of x(16)?
9
Suppose 0 = -c - 2 + 1. Let s be (-6 - -4) + (5 - c). Suppose -s*x - q = -75, 3*x + 10 = 4*x + 2*q. What is the units digit of x?
0
Suppose 4*o + 4*k + 24 = 0, 0*o + 3*o = 5*k - 2. Let g = o + 20. What is the 